 229 - 76 - 37 - 70.
46
Evaluate 12 + (-897 - -896) + 6 + 0.
17
12 + (21 - 0 - (-5 - -7))
31
What is the value of -1438 + 1410 + 11 + 2?
-15
Evaluate (24 - 37) + 18 + 7 + -96 + -2.
-86
What is the value of -53 - (70 + -58 - 55)?
-10
What is 12 + (-3 + 4 + -172 - (-73 + 34 + 27))?
-147
Calculate 11 + (-6 + 16 - (18 + -11)) - (0 + 3).
11
10 + -18 - (-7 + 6) - (13 + 38)
-58
Evaluate 26 + (-39 - -49) + (50 - 6).
80
What is the value of -1 + -19 - -1 - (40 + (-111 - -54) + 13)?
-15
What is (1 + 1 - (2 - -5)) + -4 + 18 + -22?
-13
What is the value of (13 - (9 - 0)) + 2 + (-1 - -4)?
9
What is 77 - (13 + (4 - 10 - (2 - 9)))?
63
Evaluate 8 + -31 - (-9 + 14 - 11 - -11).
-28
What is -15 + 9 - 8 - (13 - 1 - 0)?
-26
What is -2934 + 2921 - (-56 - -1)?
42
What is 8 - ((8 - 6) + 6 + -4) - (55 + 0)?
-51
1 - -13 - (-3062 - -3068 - (-1 - (4 + 2)))
1
Evaluate (-36 - -115 - (1 + 3)) + (21 - 1).
95
Calculate -9 + (-40 + 47 - (13 + 2)) + 149.
132
Calculate -35 + 30 + 41 + -47 - 17.
-28
What is (-3 - 6) + (358 - 383) + -12 + -2?
-48
What is the value of (-29 + (-22 - -58) - -22) + 46?
75
What is -135 + 89 + 19 - (2 - 9)?
-20
What is the value of (-45 + 50 - 167) + 84?
-78
(8 + 1 - -11) + -14 + (-66 - 7)
-67
8 + (-12 + 1 + -48 + (-5 - 0) - 7)
-63
Calculate -33 + (61 - -11) - 20.
19
Calculate 95 - (-14 + -76 + 80).
105
Evaluate 0 - (-63 - (-10 - 29 - -13 - -13)).
50
What is the value of -5 - (-2 + 6 + -57 - (5 + 7 + -2))?
58
62 - (46 + -16 - -36)
-4
Evaluate (5 - (-7 - -6) - 11) + (4 + 2 - 11).
-10
What is the value of (-20 - -13) + 4 + 5 - -7?
9
Calculate (0 - 11) + -149 + 140.
-20
What is the value of 0 + (10 - ((7 - (74 - -12)) + -6 + 9))?
86
Evaluate -27 - -14 - (-2 - -14 - (-100 + 184)).
59
-8 - 84 - (-195 - -151)
-48
Calculate 37 + (15 - -1 - (-26 + (26 - -13))).
40
What is (145 - 53) + -26 - 63?
3
Calculate (-15 + 2 - -1) + (44 - (-49 - -143)).
-62
What is the value of 0 + -7 - (1214 + -1260 + 0 + -28)?
67
Evaluate -58 + 3 + -9 + (-2 - 5 - (-8 - 8)).
-55
What is the value of -45 + (-79 - (47 + -240))?
69
Evaluate 8 - ((53 - -42) + -86).
-1
Evaluate -145 + (367 - 104) - 98.
20
-448 + 440 + (-1 - -22) - 19
-6
What is -2 - 21 - -7 - (-20 + 2 + 3)?
-1
Evaluate -8 + (12 - 16) - (1 + 29 + 9).
-51
What is (24 - (-8 + 27)) + -83 + 10 + (-6 - -5)?
-69
What is 8 + (192 - 87) + -114?
-1
Evaluate (724 - 730 - (0 - -38)) + -4 + -10.
-58
Calculate 128 - 160 - (10 + -44).
2
What is the value of 4 - -6 - (-15 - (-11 - 2 - -9))?
21
Calculate -16 + 28 - (66 - (10 + 4 - 9)).
-49
What is -9 - (8 - (-1 - -6)) - (59 - 40)?
-31
What is the value of (-66 + 52 - -46) + -31?
1
2 - -1 - (4 + (15 - 16) + 83) - -12
-71
What is the value of -1 + -2 + (-28 - (-4 + -23)) + -32?
-36
73 + 59 + -313 - -153
-28
Evaluate (1 - (-15 + (8 - 4))) + 193 + -193 + 2.
14
Evaluate 173 - (144 + 118 + -186).
97
What is the value of (3 + -15 - -2) + (-3783 - -3823)?
30
What is 34 - (10 - (-22 - -25)) - (1 - 6)?
32
2 + -66 - (-1382 + 1282)
36
What is 80 + -32 + 27 - 122?
-47
Evaluate (-1 - (-21 + 11)) + (-6 - -13) - -40.
56
(-1 - -7) + (-2 - (-34 - -14 - -32) - 15)
-23
50 + -43 + -11 + -19
-23
What is -12 + 12 + ((-13 - -2) + 9 - -11) + 24?
33
Evaluate 168 + -160 + -9 + 20 + 6.
25
What is the value of (8 - 2 - (-6 + 14 + -4)) + 296 + -200?
98
Evaluate -26 + -69 + (37 + -2 - -4).
-56
-2003 - -2013 - (-1 - -7 - -52)
-48
What is the value of 67 + 0 + 19 + (0 - (-17 + 7) - 18)?
78
What is 21 + -34 - -19 - -3 - (-1 - (56 + 4))?
70
What is -38 + 35 - -4 - (5 + -31)?
27
Evaluate 1 + -8 + -3 - (-53 + (-7 - -21)).
29
What is (35 - 129 - -142) + (-1 - -4)?
51
What is the value of 0 + 69 + (12900 - 12947)?
22
What is -15 - 4 - (114 - 106)?
-27
Evaluate 51 + (80 - 47) + -79.
5
What is (8 + -19 + 0 - (-27 - -5)) + -14 + 1?
-2
What is -433 - -464 - (-1 - (-1 + 4 + -11))?
24
What is the value of 19 + (-3 + -52 - (-22 + -2))?
-12
Evaluate 109 + -90 + (2 - 13 - (77 + 25)).
-94
Evaluate 22 - (-39 - (-21 + (4 - -4))).
48
What is 21 - 25 - (22 - (-9 - -9))?
-26
What is -29 + (-18 - -36) + -1 + -67 + -3 + -2?
-84
What is the value of 36 - (38 - (17 - -2))?
17
Evaluate 25 - (22 + -10) - 30 - 4.
-21
(82 - -26) + (-113 - -73)
68
Evaluate -1413 - -1492 - (0 + -6).
85
4 + (-9 - (8 + 4 - 25)) + 0 + -56
-48
What is 3 + (-96 - -59) + -2 + 9?
-27
-35 + (2 + 4 - (9 - -14 - 3)) + 7
-42
Evaluate 0 - (-20 - -25) - 33.
-38
Evaluate -33 + (-11 + 9 + 9 - -15).
-11
Evaluate (-13 - (31 - 21)) + 35 + -21.
-9
(-59 - (2 + -1)) + (5 - 50 - -43)
-62
Calculate -33 - (3 + -5) - (8286 - 8282).
-35
What is the value of 38 - (-34 - (-56 - 9))?
7
Calculate -13 + (2 - (10 - 0)) + 86 + 24 + -99.
-10
What is the value of 2 - (12 + (10 - 17) + 40)?
-43
Calculate (99 - 39) + (-72 - 69).
-81
What is -24 + -34 + (-54 - (-13 + -7) - -11)?
-81
Calculate -149 + 155 + (-16 - -4).
-6
Calculate 3 + (-5 - -4) - 9 - (-2 - -29 - 21).
-13
What is the value of -53 - (126 - 217) - (11 + 0)?
27
-12 + (-1 - -1) + -267 + (177 - -195)
93
73 - (-6 + 21) - (70 - 59)
47
-304 + 345 - (19 + -2 + 4)
20
What is 6 + -3 - ((6 - 22 - -159) + 5 + -23)?
-122
What is 2 + ((-33 - -46) + 22 - -28)?
65
Calculate (1 - -2) + 130 + -158 + 117.
92
What is 9 - (13 + (0 - 3) - -2) - -46?
43
What is the value of 56 + -20 + (24 - (10 - (3 + -2)))?
51
Calculate -127 + (33 + 6 - 36) - (7 + 2).
-133
Evaluate (-17 - 0) + (27 - (101 + -52)).
-39
What is -48 + (0 - -22) + 32 - (0 - -65 - 0)?
-59
-42 - (11 + -24 + 62 + -3)
-88
Evaluate 20 + -7 + (-12 - 5) + 9 + -25.
-20
Evaluate (-1 - -3) + (9 + -12 - -8) + -15 + -94.
-102
What is the value of (39 - (0 - -10)) + (11 - -2)?
42
Calculate 48 - ((-19 + 8 - -21) + 4 - 15).
49
Evaluate -57 - -1 - -1 - (-722 + 712) - 2.
-47
Calculate -5 - -20 - (1 + 13 + -24 + 13).
12
Evaluate -8 + -2 - (-11 + 6) - (-7 - 4) - -24.
30
What is the value of 413 + -363 + 0 + -3 + -3 + 6 + 3?
53
What is the value of -27 + -2 + -4 + -1 + (12 - (3 - -1))?
-26
Calculate -7 - (-14 + (-13 - -28 - 18) + 17).
-7
-17 - (7 + -37 + 20 + -12)
5
Calculate -2 + (34 - ((-11 - -25) + -12)).
30
What is the value of (-9683 - -9693) + (47 - (-1 - -2))?
56
What is the value of -79 - (13 + (-234 - -107))?
35
What is the value of -13 - (-7 - -5 - 6) - -24 - 130?
-111
Calculate -33 + (-5 - -10 - (-2 - (11 - 16))).
-31
35 + -37 - (5 - -3 - (0 + 28)) - -10
28
Evaluate (-9 - (-6 + -7) - 13 - -6) + -2 - 29.
-34
What is 2 + 0 + -14 + 2 + -39 + 22 + 6?
-21
Evaluate 56 - (-40 + 97 + -17).
16
Calculate 542 + -532 - (87 - (6 + -4 + 1)).
-74
What is the value of (29 - 25 - 50) + 40?
-6
(20 + -6 - -4) + (-158 - (-19 + -21))
-100
(-1 - -6) + (100 - (3 + 65))
37
Calculate -11 + (5 - (-12 - -11)) - (107 - (-17 - -10)).
-119
What is the value of -51 + 26 + 27 - (19 - (-6 + 2))?
-21
Calculate 2 + -14 + 1 + 34 + (73 - 120).
-24
What is (407 + -417 - (1 + (3 - 17) + 0)) + -11?
-8
What is the value of -65 + 80 + (4 - -15)?
34
What is (2605 - 2660) + 0 + 34 + 6?
-15
-35 - ((-8 - (14 - 11) - 0) + 9)
-33
Calculate (8 - -6) + -8 + 4 + 23 + (44 - 42).
35
What is 0 + (20 - -9) + (-45 - (-8 - 25))?
17
What is the value of 1 + (1 - -5 - 14) + -2 - -52?
43
Calculate -945 - -991 - (0 - -85).
-39
What is the value of (1 - 30) + 7 + -35 + 5?
-52
What is the value of (-20 - -20) + (1 - 2) + -13 + 43?
29
What is 29 + -19 - -10 - 7 - -10?
23
What is the value of -216 + (307 - 91) - (-37 - -1 - 2)?
38
What is the value of (117 - 75) + -127 - -103?
18
What is 2 + 1 + 3 + (-32 - (37 - 85)) + -148?
-126
Evaluate 220 + -205 - (151 + -1 - (16 + -18)).
-137
Calculate (-12 - (-2 - 59)) + -59.
-10
Evaluate -34 + (40 - (7 - 2)) + -14.
-13
-29 + -3 + -36 + 44
-24
-41 - (-1 + 2 - (-236 + 255 + -2 + -8))
-33
Calculate -101 - -223 - (5 + 45).
72
What is the value of (-10 - 1) + (-10 - -48 - 21) + -85?
-79
What is the value of (239 - 200) + -147 - ((-4 - -3) + 4 - -4)?
-115
What is (-58 - -75) + -3 + 4 - (7 + 1)?
10
-18 - -1 - ((110 - 148) + -99)
120
52 + (7 - 2) + -9 - (-28 - -19) - 1
56
What is the value of 0 + (21 - -9) - (-39 - -11 - -30)?
28
3 + 33 + (-20 - -56) + 23
95
Calculate 8 + (6 - (5 + 64 + -8)) - (1 - -5).
-53
What is (2 - (1 + 6)) + 6 - (-208 - -182)?
27
Calculate (-71 - -132) + -68 - (-34 + -1 - 1).
29
Evaluate 42 + (31 - 49) + -134 + 26.
-84
Calculate -38 - 0 - -1 - (-28 + 30 + 4 + -2).
-41
Calculate 23 - (12 - 18) - 1 - (-4 - -8).
24
Eval